ghest common divisor of 15 and c.
15
Let x be 1/((-1466)/(-1694) + (-126)/147). Calculate the greatest common factor of x and 5687.
121
Suppose 6*j = 3*j + 18. Suppose 27 = 9*f - j*f. What is the highest common factor of 72 and f?
9
Suppose -3*i - 9 = -24. Suppose 30 = i*j - 15. What is the greatest common factor of j and 36?
9
Let x(r) = 6*r + 2. Let p(t) = t + 14. Let d be p(-5). Let b be x(d). Calculate the highest common factor of b and 7.
7
Suppose -2*n - 3*m = -65, -5*n + 0*m + 134 = -2*m. Calculate the highest common factor of n and 1316.
28
Suppose -5*r = z - 5*z - 59, 0 = -5*z - 5. Suppose -5*n + 0 = -5. What is the greatest common divisor of r and n?
1
Suppose 26 = 5*u - 24. Let z be ((-3740)/66)/(-34)*(13 - 1). What is the greatest common factor of u and z?
10
Suppose -15*t + 222 = -108. What is the highest common factor of 506 and t?
22
Suppose -t = 2 - 6. Let q be (70/t)/((-7)/(-14)). Let s be 1/(-2)*10*-1. Calculate the greatest common factor of q and s.
5
Let i(z) = -17*z - 33. Let d be i(-3). What is the greatest common divisor of 24 and d?
6
Suppose -490*t + 461*t = -696. Let v be (432/10)/((-3)/(-15)). What is the greatest common divisor of t and v?
24
Let x = 3 + 0. Let p(t) = 2*t**3 - 2*t - 3. Let z(u) = -u**2 + u + 1. Let o(k) = x*z(k) + p(k). Let b be o(3). What is the highest common divisor of 12 and b?
6
Suppose -3*j = -5*j + 14. Let h(l) = 2*l**2 + 27*l + 106. Let s be h(-5). Calculate the greatest common divisor of j and s.
7
Suppose -39*f + 47120 = -f. What is the highest common factor of f and 40?
40
Let t(r) = -r**3 - 6*r**2 - 7*r - 8. Let y be t(-5). What is the greatest common factor of 242 and y?
2
Let u = -11 - -16. Let s be u + -1 + (5 - 1). Let o be s/12*(-495)/(-3). Calculate the highest common factor of 44 and o.
22
Let x(o) = 0 + 7*o**2 + 2*o + 2*o**3 - 12*o**2 + 0*o**3 - 10. Let z be x(5). Calculate the highest common factor of 25 and z.
25
Suppose 29*w = -20*w + 784. Let m = 12 + 6. Let h = 22 + m. What is the greatest common factor of h and w?
8
Suppose -52*s + 51*s + 5*t = -18, -5*s + 34 = 3*t. Let f = -36 + 56. Calculate the greatest common factor of s and f.
4
Let g(j) = -j**3 + 22*j**2 - 8*j - 18. Let v be g(21). Suppose -5*c - 1175 = -5*r, r - v = 6*c - c. What is the greatest common divisor of r and 92?
46
Let m be (1 + 0 - 0)/1. Let x = 818 - 811. What is the highest common divisor of m and x?
1
Suppose -16*x + 58 = -550. What is the greatest common divisor of 1083 and x?
19
Suppose -2*v - z = v - 194, -4*v + 284 = -5*z. What is the highest common factor of 528 and v?
66
Let x be 1 + 2 + (4 + -6 - -3). Suppose x*g = g + 432. Calculate the highest common factor of 48 and g.
48
Suppose 7*z - 894 = 9. Calculate the highest common factor of z and 86.
43
Let h(j) = -5*j - 52. Let u be h(-22). Calculate the highest common divisor of 58 and u.
58
Let j be 5/(-2)*(-1932)/35. Suppose 0*r - 2*b = -3*r + j, -2*b = 4*r - 184. Calculate the greatest common factor of 69 and r.
23
Let l = 940 + -842. Let o be (-4)/(3/(-3)) + 3. What is the highest common factor of l and o?
7
Suppose -3*m = 4*l - m - 50, 4*l + 4*m = 56. Suppose 0 = -l*d + 9*d + 30. What is the greatest common divisor of d and 135?
15
Let a = 54 + 69. What is the highest common divisor of 82 and a?
41
Suppose z = 3*s + 202, 28 = -4*z + 8. Let k = 76 + s. Calculate the highest common divisor of 56 and k.
7
Let r(l) = -71*l + 615. Let u be r(6). What is the highest common factor of u and 252?
63
Let v(t) = -t**2 + 7*t + 11. Let z be v(7). Suppose 3*i - i - z = 5*a, -2*a = -i + 6. Let j = -3 + 23. Calculate the greatest common factor of i and j.
4
Let w be (-35)/(-5) + 84 - -5. Calculate the greatest common divisor of 84 and w.
12
Suppose 1 = -p + 3. Suppose -p*f - 24 = -6*f. Suppose 5*x - 77 - 73 = 0. What is the greatest common divisor of x and f?
6
Let l = -3 - -76. Let k = l + -19. Let x = -6 + 12. What is the greatest common factor of k and x?
6
Let h be -1*(-2)/(-6) - 275/(-15). Calculate the greatest common factor of h and 90.
18
Let r be (-2)/11 + (-1266)/(-66). Let o = -1 + 115. Suppose 7*k - 4*k = o. What is the greatest common factor of r and k?
19
Let w = -46 + 72. Let g = 1095 - 1069. What is the greatest common factor of w and g?
26
Let o be (2 + -20)*(-4)/6. Suppose -5*j = -20, 2*n - 1 = j - 3. Let h be (-2 - n)*(0 + -1). What is the highest common factor of h and o?
3
Let u = 7 - 1. Let o = u - -9. Let g be 3*(-5)/(-10)*(8 + 2). Calculate the highest common factor of o and g.
15
Suppose -3*a - 93 = -3*m + a, 23 = m - 4*a. Let v(u) = -u**2 - 18*u + 35. Let y be v(-18). What is the greatest common divisor of m and y?
35
Let l be 0/(-3 - (-6)/3). Suppose l = s - 3*z - 8, -3*z + 18 + 7 = 2*s. Calculate the highest common divisor of s and 1.
1
Let b(r) = 5*r + 34. Let j be b(0). Calculate the greatest common factor of 51 and j.
17
Suppose 4*v - m = 2*m - 4, 2*m - 8 = 0. Let i be 19/v + 5/10. Suppose 0 = -x + 2*q + 10, -5*x + 50 = q + 3*q. What is the highest common factor of i and x?
10
Suppose 4 - 2 = -c. Let w be c/((-132)/128 + 1). Suppose 3*j = -4*p + 17, p + 5*j + 9 = -p. Calculate the greatest common factor of p and w.
8
Suppose -23 + 127 = 4*j. Calculate the greatest common divisor of 1573 and j.
13
Suppose -2*t + 0 = 4. Let y be 1*(-44)/(2*t). Let o = -7 + y. Calculate the highest common divisor of 4 and o.
4
Suppose 10*t + 2*m = 6*t + 370, 3*m = -4*t + 373. What is the greatest common factor of t and 39?
13
Let q = 169 + -117. Calculate the greatest common factor of 4 and q.
4
Suppose 5*r = 34 + 11. Let g = -88 - -51. Let h = g + 109. Calculate the highest common factor of h and r.
9
Suppose -19 + 7 = -4*q. Let s(r) = -9*r**2 - r**q + 6 + 9*r**2 + 10*r**2. Let l be s(10). What is the greatest common divisor of 48 and l?
6
Let o = 707 + -565. What is the highest common divisor of 2 and o?
2
Suppose 0 = 7*n - 3*n - 364. Let y(r) = r**2 + 2*r - 2. Suppose -3*j = -5*o, 6*o + 6 = 3*o + 3*j. Let f be y(o). Calculate the highest common factor of f and n.
13
Let s = -910 - -1716. Calculate the highest common divisor of 26 and s.
26
Suppose -c - 5*h = -6*h - 169, -h + 857 = 5*c. Calculate the highest common divisor of 38 and c.
19
Suppose 69*q - 660 = 64*q. Calculate the greatest common divisor of 12 and q.
12
Suppose 9 - 4 = p. Let u = p - 20. Let z be (-9)/u + 186/15. Calculate the highest common divisor of z and 26.
13
Let q(k) = k**2 - 27*k + 58. Let b be q(26). Let a = 40 + -24. Calculate the greatest common factor of b and a.
16
Let h(k) = -k**3 + 33*k**2 + 35*k - 15. Let c be h(34). Calculate the highest common factor of 247 and c.
19
Suppose 2*s = -2*y + 16, s - 7 = 3*y - 11. Calculate the highest common divisor of y and 231.
3
Suppose 18 = -8*a + 10*a. Suppose -63 = -4*r - 2*y + 115, 3*r - 136 = -2*y. Suppose -5*j + 3 = -r. Calculate the highest common divisor of j and a.
9
Let q(b) = -8 + 3*b + 1 - 2*b. Let k be q(-9). Let o = k - -24. What is the highest common factor of 20 and o?
4
Let g be ((-2)/(-2))/(-2 - -3). Let u be -1 + (g - -5)/2. Let q = 48 - 45. Calculate the greatest common factor of u and q.
1
Let f = -7 - -13. Let n be 828/36 - (f + -1). What is the greatest common divisor of n and 27?
9
Let l(n) = 3*n**2 - 7*n - 2. Let d be l(4). Let j = d - 12. Suppose 3*a = a + 18. Calculate the highest common divisor of j and a.
3
Let x(b) = -113*b - 1. Let s be x(-1). Suppose 0 = -a + 5*m + 34, a + 40 = -5*m + 34. Calculate the highest common divisor of s and a.
14
Let r = 2273 + -2266. Suppose 0 = 3*b - 3*p + 2*p - 124, 5*p = -b + 52. What is the greatest common divisor of r and b?
7
Let f = -1075 + 1173. Calculate the highest common divisor of f and 1.
1
Let a(l) be the second derivative of -37*l**3/6 - 7*l**2 - 5*l. Let i be a(-5). Let q = -10 - -29. What is the highest common divisor of q and i?
19
Suppose -10*w = -13*w + 165. Suppose 12*p = 17*p - w. Calculate the greatest common divisor of 33 and p.
11
Suppose -5*h + s + 310 = 4*s, -2*h - 2*s = -124. Suppose -2*t + 109 = -201. What is the greatest common divisor of t and h?
31
Let i(p) = -11 + 2*p + 6*p - 5*p - p. Let k be i(7). Calculate the highest common factor of 1 and k.
1
Let h(d) be the first derivative of d**3/3 - d**2 + 4*d + 27. Let n be h(0). What is the